-5).
47
Suppose -2*t + 0*k = 2*k - 36, 0 = -3*t + k + 66. Suppose 15 = 4*w + 4*n - 33, 5*n - 38 = -3*w. Let a = w + 49. Calculate the remainder when a is divided by t.
18
Let h = -127 - -234. Calculate the remainder when h is divided by 31.
14
Let a(g) = -14*g - 49. Calculate the remainder when a(-19) is divided by 11.
8
Let m(h) = 16*h**2. Let p be m(1). Let l = p - 16. Suppose l = 4*a - 12, 2*u - 5*a - 5 + 16 = 0. Calculate the remainder when 6 is divided by u.
0
Let q = -108 + 112. Suppose -11*p + 4*a + 697 = -6*p, 0 = q*p + a - 566. What is the remainder when p is divided by 11?
9
Suppose t - 5*t = -168. Let h = t - 39. Calculate the remainder when 16 is divided by h.
1
Let l = 2394 - 2363. What is the remainder when 82 is divided by l?
20
Let z be -36*((-22)/(-6) - 3). Let y = -21 - z. Let l = 6 - y. Calculate the remainder when l is divided by 2.
1
Let l = 94 - 304. Let j be 80/(-6)*(-9)/(-4). What is the remainder when 29 is divided by 4/j + (-2338)/l?
7
Let c = 988 - 973. Calculate the remainder when 1243 is divided by c.
13
Suppose 6*q = 8*q - 20. What is the remainder when 269 is divided by q?
9
Suppose -10*u + 5397 + 1803 = 0. Suppose -u = -19*z + 9*z. Calculate the remainder when z is divided by 20.
12
Suppose 8*x = -129 + 145. Suppose x*z - 13 = 1. Let t = -27 - -54. What is the remainder when t is divided by z?
6
Suppose 2*b = 8*v - 4*v + 100, -5*b = v - 261. Suppose 5*y = p - b, y = 2*p - 4*y - 94. Calculate the remainder when p is divided by 11.
9
Suppose 33 + 19 = 4*m. Suppose -268 + 1370 = 29*h. Calculate the remainder when h is divided by m.
12
Let b = 158 - 99. What is the remainder when 648 is divided by b?
58
Let i(x) = 3*x**2 - x. Let a be i(1). Let m be (a - (-33)/(-2))*-2. Let b = m + -10. What is the remainder when 75 is divided by b?
18
Suppose 2*x - 144 = -x. Suppose -4*f - 4*w = -x, 3*f - 38 = 5*w - 10*w. What is the remainder when 40 is divided by f?
7
Suppose r - h = -0*r, 0 = 4*r + 5*h - 18. Suppose -2*x = -0*x - 14. Let j = r + x. Calculate the remainder when 33 is divided by j.
6
Let y = 183 - 100. Suppose 49 = 4*v - y. Calculate the remainder when v is divided by 7.
5
Let b = 222 - 188. Suppose 3 = 3*a - 33. What is the remainder when b is divided by a?
10
Suppose -p - 44 = -2*h, -3*h = -2*p - 94 + 27. Let n(k) = k**3 - 13*k - 4. What is the remainder when h is divided by n(-3)?
5
Let k(b) = 2*b**2 + 39. Calculate the remainder when 505 is divided by k(0).
37
Let w be (-3 - -2 - 7) + (1 - -2). Let x = 81 - 57. Calculate the remainder when x is divided by ((-57)/(-9) + w)*42/4.
10
Let g(t) = t**2 + 31*t + 50. What is the remainder when 21 is divided by g(-30)?
1
Suppose 70*l = 65*l + 665. What is the remainder when 1327 is divided by l?
130
Suppose c - 5*w - 17 = 17, 2*w - 34 = -c. What is the remainder when c is divided by 5?
4
Suppose 4*h - 90 = -2*c, -3*c = 4*h - 7*h + 63. Let d(r) = r**2 - r - 1. Let o = 6 - 12. What is the remainder when d(o) is divided by h?
19
Let g(v) = 23*v - 23. Let h be g(5). Let x = 104 - h. Calculate the remainder when 41 is divided by x.
5
Calculate the remainder when 616/66*(-2 - 50/(-4)) is divided by 17.
13
Suppose 5*w = p + 4, 2*w + 1 = -4*p + 7*w. Let b(n) = -n + 11. Calculate the remainder when b(6) is divided by p.
0
Let j = 5 - -6. What is the remainder when 1*(1 + 1) + (-39)/(-1) is divided by j?
8
Calculate the remainder when 233 is divided by -1 - 70/(49/(-7)).
8
Let p(l) = l + 12. Let t be p(6). Suppose -34 = -4*v + t. Calculate the remainder when 36 is divided by v.
10
Let q(b) = b - 5. Let t be q(8). Suppose -5*r = -t*r. Suppose r = -2*a - 29 + 169. Calculate the remainder when a is divided by 18.
16
Suppose -3*v + 81 = -33. Calculate the remainder when v is divided by -4 + 18*(-3 - -4).
10
Let k(u) = -u**2 + u + 3. Let p be k(3). Let i be 228/18 + (-1)/p. Suppose -3*y + 21 = 5*z, -3*y + 4 = -5*z + i. Calculate the remainder when 6 is divided by y.
0
Suppose -16 = 2*m + 4. Let s = 24 + m. What is the remainder when (-1)/(-4) + ((-4650)/(-24))/5 is divided by s?
11
Let l be 250/(-15)*(-18)/15. Suppose l*g - 45 = 15*g. Suppose 7*h - 2*h = 2*f - 95, -130 = -4*f - 2*h. What is the remainder when f is divided by g?
8
Let x = -32 - -32. Suppose 193 = 3*p - 5*l - 160, 4*p + 3*l - 490 = x. What is the remainder when p is divided by 31?
28
Suppose -3*u + b = -43, 2*u = -390*b + 388*b + 42. What is the remainder when 197 is divided by u?
5
Let f = -4 + 0. Let v = 10 + f. What is the remainder when (2/2)/(-5 + v) is divided by 1?
0
Suppose t - y = -t - 4, 0 = -5*t - 4*y - 36. Let j = 46 - t. Calculate the remainder when j is divided by 26.
24
Suppose 15*k = 13*k + 54. Let r = -50 - -55. What is the remainder when k is divided by r?
2
Suppose 2*i - 3*k - 221 = -8, 0 = i + 4*k - 134. Calculate the remainder when i is divided by 25.
14
Suppose 25 = -9*h + 142. Calculate the remainder when 22 is divided by h.
9
Suppose o + 2*k - 17 = 0, -4*k = 2*o - 6*k - 58. Let y = 10 + -14. Let p(h) = h**2 + 2*h - 1. Calculate the remainder when o is divided by p(y).
4
Suppose 0 = 3*p + p. Let y = 58 + -30. Calculate the remainder when y is divided by (1 + p)*-2 - -17.
13
Let z(r) be the third derivative of r**6/120 + r**5/20 + r**4/24 + 13*r**3/6 + 30*r**2. What is the remainder when 36 is divided by z(0)?
10
Suppose -3*p - p + 40 = 0. What is the remainder when p is divided by 2*(4 + 2/(-4))?
3
What is the remainder when 550 is divided by (17/3 + 2)*(9 + 0)?
67
Let t(p) = -p**3 - 3*p**2 - p - 5. Let n be t(-4). Let r be (-6)/n - (-394)/10. Let x = r - 28. What is the remainder when 32 is divided by x?
10
Let h be (-39)/(-2)*4/3. Let b = 118 - 136. Let c = h + b. What is the remainder when c is divided by 2?
0
Let j be (15 + -9)*2/(-4). Calculate the remainder when 2/j + (4 - (-344)/3) is divided by 31.
25
Let g(t) = -t**3 - 3*t**2 + 18*t + 13. What is the remainder when g(-6) is divided by 6?
1
Suppose -8 = 4*q - 0*q. Suppose -6 = 40*s - 43*s. Calculate the remainder when 56 - s/((-4)/q) is divided by 14.
13
Suppose 0 = y - h - 27 - 13, 3*y - 140 = -2*h. Suppose -4*p + 14 + 154 = 4*i, p = i - y. What is the remainder when i is divided by 23?
20
Suppose 0 = -m + 2 + 1. Suppose 0 = m*q - 4 - 5. Let c(o) = -o**3 + 4*o**2 - 2*o + 3. What is the remainder when c(3) is divided by q?
0
Let r = 1585 + -783. What is the remainder when r is divided by 35?
32
Let f(u) = -u - 6. Let h be f(-13). Suppose 0 = h*k - 4*k - 339. What is the remainder when k is divided by 23?
21
Let c(h) = -h**2 + 68*h - 566. Calculate the remainder when 546 is divided by c(57).
58
Let t(d) = 8*d + 71. Calculate the remainder when 112 is divided by t(-6).
20
Suppose 3*a - 8 = 2*a. Suppose m + 2 - 23 = 0. Calculate the remainder when m is divided by a.
5
Suppose -7*q = -3*q - 4. Let b be 15/(-5) + -14*q. Let g = 28 + b. Calculate the remainder when g is divided by 6.
5
Let d(k) = -k**3 - 15*k**2 - 16*k + 17. Suppose -44 = 6*i + 40. What is the remainder when d(i) is divided by 25?
20
Suppose 53 - 223 = -4*q - 5*v, 0 = 4*q - 5*v - 190. What is the remainder when 89 is divided by q?
44
Suppose 152 = -f + 3*f. Calculate the remainder when f is divided by 165/6*((-329)/(-35) - 9).
10
Let a(y) = -2 + 5*y**2 - 5*y - 2*y**2 + 0*y + 4. Let n be a(2). Suppose 101 = 5*i + n*q, 3*q = -i + 5*q + 9. Calculate the remainder when i is divided by 5.
2
Let q = 41 - 29. Let f be (3/q)/(2/40). Suppose 41 + 29 = 5*i - 2*x, f*x = -i + 14. Calculate the remainder when 39 is divided by i.
11
What is the remainder when ((-26)/(-3)*(-72)/8)/(-2) is divided by (-28)/(-6) - (-12)/(-18)?
3
Let q(j) = -15*j**2 - j + 35. Suppose 4*v - 8 + 0 = 0. Suppose -v*s = -4*s + 18. What is the remainder when q(0) is divided by s?
8
Suppose -8 - 47 = 2*v - 5*u, 0 = -4*u - 4. Let g = v + 44. Suppose -4*r + 45 = r. Calculate the remainder when g is divided by r.
5
Let m(c) be the third derivative of c**5/20 + 11*c**4/24 - 10*c**3/3 - 48*c**2. What is the remainder when m(-7) is divided by 14?
8
Suppose -i = -2*b - 46, -b = -4*i + 130 + 47. What is the remainder when 110 is divided by 2/(-8) - (-363)/i?
6
Suppose 3*d - 14 = d. Suppose 2*w - 130 = -3*w. What is the remainder when w is divided by d?
5
Let s(o) = o**2 + 7*o + 5. Suppose 0 = 6*z - 8*z - 14. What is the r